{"id":993,"date":"2026-03-11T22:21:11","date_gmt":"2026-03-11T21:21:11","guid":{"rendered":"http:\/\/www.ingmar-hagemann.de\/wordpress\/?page_id=993"},"modified":"2026-03-11T22:21:11","modified_gmt":"2026-03-11T21:21:11","slug":"postwachstum-als-idee-ansatz-zur-sozialen-transformation-und-form-einer-sozialen-bewegung","status":"publish","type":"page","link":"http:\/\/www.ingmar-hagemann.de\/wordpress\/postwachstum-als-idee-ansatz-zur-sozialen-transformation-und-form-einer-sozialen-bewegung\/","title":{"rendered":"Postwachstum (als Idee, Ansatz zur sozialen Transformation und Form einer sozialen Bewegung)"},"content":{"rendered":"\n<p>Rund um die Idee des Postwachstums entwickelt sich aktuell eine spannende Dynamik, denn erstmals seit Jahrzehnten wird ein recht detaillierter Vorschlag zur tiefgreifenden sozialen Transformation formuliert und findet zugleich auf verschiedensten Ebenen Nachhall in der Gesellschaft: bspw. durch zahlreiche Publikationen, Proteste, vielf\u00e4ltige Umsetzungsprojekte, gro\u00dfformatige Konferenzen und ersten Nachhall im gesellschaftlichen Diskurs.<br>Unter Postwachstum sind vielf\u00e4ltige Ans\u00e4tze zu verstehen, die auf Basis einer grunds\u00e4tzlichen Kritik der Wachstumsorientierung moderner Gesellschaften die Notwendigkeit einer sozial-\u00f6kologischen Transformation artikulieren.<\/p>\n\n\n\n<p>Forschungsprojekte zum Gegenstand Postwachstum finden vielf\u00e4ltige Ansatzpunkte f\u00fcr ihre Analysen:<\/p>\n\n\n\n<p>&#8211; Untersuchungen der vielf\u00e4ltigen Bewegungsaktivit\u00e4ten (Proteste, Organisationen, alternative Lebensformen, erste Umsetzungsprojekte)<br>&#8211; Diskursanalysen zentraler Ideen aus dem Bereich Postwachstum (Entstehung, Verh\u00e4ltnis zwischen den Teilbereichen des Diskurses, Verbindung mit diskursiven Elementen au\u00dferhalb des Spezialdiskurses oder Nachhall des Postwachstumsdiskurses in anderen gesellschaftlichen Bereichen).<br>&#8211; Detaillierte Diskussionen der Kritik- und Transformationskonzepte im Bereich des Postwachstumsdiskurses<\/p>\n\n\n\n<p><strong>Empfehlung zum Einstieg in das Thema<\/strong><\/p>\n\n\n\n<ul class=\"wp-block-list\">\n<li>Schmelzer, Matthias \/ Vetter, Andrea (2019: Degrowth \/ Postwachstum zur Einf\u00fchrung, Hamburg: Junius.<\/li>\n\n\n\n<li>Weitere aktuelle Literatur findest Du <a href=\"http:\/\/www.ingmar-hagemann.de\/wordpress\/category\/postwachstum\/\">hier<\/a>.<\/li>\n<\/ul>\n","protected":false},"excerpt":{"rendered":"<p>Rund um die Idee des Postwachstums entwickelt sich aktuell eine spannende Dynamik, denn erstmals seit Jahrzehnten wird ein recht detaillierter Vorschlag zur tiefgreifenden sozialen Transformation formuliert und findet zugleich auf verschiedensten Ebenen Nachhall in der Gesellschaft: bspw. durch zahlreiche Publikationen, Proteste, vielf\u00e4ltige Umsetzungsprojekte, gro\u00dfformatige Konferenzen und ersten Nachhall im gesellschaftlichen Diskurs.Unter Postwachstum sind vielf\u00e4ltige Ans\u00e4tze [&hellip;]<\/p>\n","protected":false},"author":1,"featured_media":0,"parent":0,"menu_order":0,"comment_status":"closed","ping_status":"closed","template":"","meta":{"footnotes":""},"class_list":["post-993","page","type-page","status-publish","hentry"],"_links":{"self":[{"href":"http:\/\/www.ingmar-hagemann.de\/wordpress\/wp-json\/wp\/v2\/pages\/993","targetHints":{"allow":["GET"]}}],"collection":[{"href":"http:\/\/www.ingmar-hagemann.de\/wordpress\/wp-json\/wp\/v2\/pages"}],"about":[{"href":"http:\/\/www.ingmar-hagemann.de\/wordpress\/wp-json\/wp\/v2\/types\/page"}],"author":[{"embeddable":true,"href":"http:\/\/www.ingmar-hagemann.de\/wordpress\/wp-json\/wp\/v2\/users\/1"}],"replies":[{"embeddable":true,"href":"http:\/\/www.ingmar-hagemann.de\/wordpress\/wp-json\/wp\/v2\/comments?post=993"}],"version-history":[{"count":1,"href":"http:\/\/www.ingmar-hagemann.de\/wordpress\/wp-json\/wp\/v2\/pages\/993\/revisions"}],"predecessor-version":[{"id":994,"href":"http:\/\/www.ingmar-hagemann.de\/wordpress\/wp-json\/wp\/v2\/pages\/993\/revisions\/994"}],"wp:attachment":[{"href":"http:\/\/www.ingmar-hagemann.de\/wordpress\/wp-json\/wp\/v2\/media?parent=993"}],"curies":[{"name":"wp","href":"https:\/\/api.w.org\/{rel}","templated":true}]}}