{"id":991,"date":"2026-03-11T22:17:58","date_gmt":"2026-03-11T21:17:58","guid":{"rendered":"http:\/\/www.ingmar-hagemann.de\/wordpress\/?page_id=991"},"modified":"2026-03-11T22:17:58","modified_gmt":"2026-03-11T21:17:58","slug":"hegemonieanalysen-der-gruenen-bewegung","status":"publish","type":"page","link":"http:\/\/www.ingmar-hagemann.de\/wordpress\/hegemonieanalysen-der-gruenen-bewegung\/","title":{"rendered":"Hegemonieanalysen der gr\u00fcnen Bewegung"},"content":{"rendered":"\n<p>Klima- und Umweltschutzthemen sind in der Gegenwart omnipr\u00e4sent. Die Wichtigkeit und Priorit\u00e4t dieser Themen erscheint auf dem ersten Blick unstrittig.<\/p>\n\n\n\n<p>Eine genauere Beobachtung zeigt aber, dass die faktischen gesellschaftlichen Transformationen bislang begrenzt gewesen sind: die sogenannte \u00d6kologische Modernisierung als zentrale Sozialtechnologie zur Umsetzung des praktischen Klimaschutzes (bspw. in Form des CO2-Zertifikatehandels) sieht keine radikalen \u00c4nderungen vor, sondern operiert explizit innerhalb des bestehenden Systems.<\/p>\n\n\n\n<p>Analysen mit Hilfe der Hegemonieanalyse nach Laclau \/ Mouffe und Nonhoff erm\u00f6glichen es, diese Ambivalenz von Erfolg gr\u00fcnen Bewegung einerseits und Beharrungsf\u00e4higkeit bestehender sozialer Ordnungen greifbar zu machen. Mit Hilfe der Analyse hegemonialer Strategien wird erfassbar, wie im Diskurs hegemoniale Projekte, also Strategien zur Etablierung diskursiver Vorherrschaft, miteinander ringen.<\/p>\n\n\n\n<p>Analysen mit Hilfe der Hegemonieanalyse k\u00f6nnen die Entwicklungsgeschichte von Teilprojekten im Bereich der gr\u00fcnen Bewegung erfassen: bspw. Ideen \/ Projekte wie Nachhaltigkeit, \u00d6kologische Modernisierung, Klimagerechtigkeit, Dekarbonisierung, CO2-Inwertsetzung, Green New Deal\u2026 Dar\u00fcber hinaus ist es mit der Hegemonieanalyse m\u00f6glich, das Ringen unterschiedlicher hegemonialer Projekte in ihrem strategischen Verh\u00e4ltnis zueinander zu beschreiben (bspw. das Verh\u00e4ltnis von gr\u00fcner Bewegung und der von ihr kritisierten Industriegesellschaft (als Synonym f\u00fcr das Primat von Wachstum)).<\/p>\n\n\n\n<p>Die Hegemonieanalyse verf\u00fcgt \u00fcber ein umfangreiches sozialtheoretisches Programm, um verschiedene Aspekte der Pr\u00e4gekraft von diskursiven Strategien theoretisch und empirisch zu erfassen (bspw. ein empirisch gewonnenes Set \u00fcblicher hegemonialer Strategien, Subjekttheorie, Artikulationstheorie, Diskurstheorie\u2026)<\/p>\n\n\n\n<p>Zugleich existiert ein robustes methodisches Instumentarium zur empirischen Analse von hegemonialen Strategien, sodass in der Summe interpretative Arbeiten mit hoher empirischer S\u00e4ttigung, komplexen sozialtheoretischen Reflexionsniveau und erkenntnisreichen Ergebnissen realisiert werden k\u00f6nnen.<\/p>\n\n\n\n<p><strong>Empfehlungen zum Einstieg in das Thema<\/strong><\/p>\n\n\n\n<ul class=\"wp-block-list\">\n<li>Nonhoff, M. (2006). Politischer Diskurs und Hegemonie. Das Projekt \u201cSoziale Marktwirtschaft.\u201d Bielefeld: transcript.<\/li>\n\n\n\n<li>Kr\u00fcger, T. (2013). Das Hegemonieprojekt der \u00f6kologischen Modernisierung. Leviathan, 41(3), 422\u2013456.<\/li>\n\n\n\n<li>Vey, Judith; Leinius, Johanna; Hagemann, Ingmar (2019): Handbuch Poststrukturalistische Perspektiven auf soziale Bewegungen. Ans\u00e4tze, Methoden und Forschungspraxis, transcript, <a href=\"https:\/\/www.transcript-verlag.de\/media\/pdf\/30\/bf\/83\/oa9783839448793.pdf\">als Open Access online verf\u00fcgbar<\/a>.<\/li>\n\n\n\n<li>Hagemann, Ingmar (2016): Das gegenhegemoniale Moment der Demokratie. Gegenhegemoniale Projekte und demokratische Demokratie am Fallbeispiel der gr\u00fcnen Bewegung, Universit\u00e4t Duisburg-Essen, <a href=\"http:\/\/duepublico.uni-duisburg-essen.de\/servlets\/DerivateServlet\/Derivate-42540\/Hagemann_Diss.pdf\">als Open Access online abrufbar<\/a>.<\/li>\n\n\n\n<li>Weitere aktuelle Literatur findest Du <a href=\"http:\/\/www.ingmar-hagemann.de\/wordpress\/lektuerelisten\/\">hier<\/a>.<\/li>\n<\/ul>\n","protected":false},"excerpt":{"rendered":"<p>Klima- und Umweltschutzthemen sind in der Gegenwart omnipr\u00e4sent. Die Wichtigkeit und Priorit\u00e4t dieser Themen erscheint auf dem ersten Blick unstrittig. Eine genauere Beobachtung zeigt aber, dass die faktischen gesellschaftlichen Transformationen bislang begrenzt gewesen sind: die sogenannte \u00d6kologische Modernisierung als zentrale Sozialtechnologie zur Umsetzung des praktischen Klimaschutzes (bspw. in Form des CO2-Zertifikatehandels) sieht keine radikalen \u00c4nderungen [&hellip;]<\/p>\n","protected":false},"author":1,"featured_media":0,"parent":0,"menu_order":0,"comment_status":"closed","ping_status":"closed","template":"","meta":{"footnotes":""},"class_list":["post-991","page","type-page","status-publish","hentry"],"_links":{"self":[{"href":"http:\/\/www.ingmar-hagemann.de\/wordpress\/wp-json\/wp\/v2\/pages\/991","targetHints":{"allow":["GET"]}}],"collection":[{"href":"http:\/\/www.ingmar-hagemann.de\/wordpress\/wp-json\/wp\/v2\/pages"}],"about":[{"href":"http:\/\/www.ingmar-hagemann.de\/wordpress\/wp-json\/wp\/v2\/types\/page"}],"author":[{"embeddable":true,"href":"http:\/\/www.ingmar-hagemann.de\/wordpress\/wp-json\/wp\/v2\/users\/1"}],"replies":[{"embeddable":true,"href":"http:\/\/www.ingmar-hagemann.de\/wordpress\/wp-json\/wp\/v2\/comments?post=991"}],"version-history":[{"count":1,"href":"http:\/\/www.ingmar-hagemann.de\/wordpress\/wp-json\/wp\/v2\/pages\/991\/revisions"}],"predecessor-version":[{"id":992,"href":"http:\/\/www.ingmar-hagemann.de\/wordpress\/wp-json\/wp\/v2\/pages\/991\/revisions\/992"}],"wp:attachment":[{"href":"http:\/\/www.ingmar-hagemann.de\/wordpress\/wp-json\/wp\/v2\/media?parent=991"}],"curies":[{"name":"wp","href":"https:\/\/api.w.org\/{rel}","templated":true}]}}